*f - 135 = a, 8*f + 5*a - 291 = 4*f. What is the remainder when f is divided by 12?
9
Calculate the remainder when 131 is divided by 32 + (-4 - -3)*-7.
14
Suppose 9*r - 182 = 2*r. Let f be (1 - 1)/(4/2). Suppose 2*t + f*d = -3*d + 90, 2*t + 2*d - 94 = 0. What is the remainder when t is divided by r?
25
Calculate the remainder when 2353 is divided by 33*(-17)/(-935) + 144/10.
13
Suppose -5*f + 2*d + 6 - 1 = 0, -f - 22 = -5*d. Suppose -27 = -u - 3*q - q, u + f*q - 24 = 0. Calculate the remainder when u is divided by 8.
7
Suppose 4*o = -3*p + 193, 2*o = 3*p - p - 124. Suppose -z - 315 = -5*h, 4*h - 5*h = -3*z - p. Calculate the remainder when h is divided by 16.
15
Suppose 6*a - 80 = a. Suppose 3*f + f = 252. What is the remainder when f is divided by a?
15
Let i = -152 + 241. Let t = i - 40. What is the remainder when t is divided by 13?
10
Let w(q) = -q**2 - 12*q + 10. Let a(h) = h**3 + 11*h**2 + 19*h. Let r be a(-9). Calculate the remainder when 146 is divided by w(r).
35
Let i = -79 + 121. Let w be 1 - (9 + -4) - -8. Calculate the remainder when i is divided by -6*(1 + (-14)/w).
12
Let d be ((-10)/6)/((-2)/(-6)). Let l = -2 - d. What is the remainder when -4*(-5)/((-120)/(-18)) is divided by l?
0
Let s be (-2)/((-1)/13*2). Let t = 30 - s. Let w = 87 - 37. Calculate the remainder when w is divided by t.
16
Let s(q) = 10 - 9*q - 13*q - 5 + 7. Calculate the remainder when s(-2) is divided by 19.
18
Let u(w) = 124*w + 6. Calculate the remainder when u(1) is divided by 72.
58
Suppose 0 = -3*f - w + 3, -2*f = -4*w + 2*w + 6. Suppose f*i = 4*i - 32. Suppose k = -0*k - l + 18, 3*l = 12. What is the remainder when k is divided by i?
6
Suppose -10*b - 107 = -1137. Let w = b - 71. Calculate the remainder when 88 is divided by w.
24
Let h = -584 + 592. What is the remainder when 18 is divided by h?
2
Suppose -5*o = -4*o. Suppose o = -4*a + 26 + 86. What is the remainder when a is divided by 15?
13
Let v = -24 + 29. Suppose -3*b + g + 33 = 3*g, -55 = -v*b - g. Suppose -4*j = 5*n + b - 49, 3*j + 2*n - 32 = 0. Calculate the remainder when 46 is divided by j.
10
Let x = 485 - 502. Suppose 2*z - 2*a = -14, -5*z - a - 33 = -z. Let n = z - x. What is the remainder when 25 is divided by n?
7
Suppose 3*u - 8 = 4*h + 232, u - 3*h = 85. What is the remainder when u is divided by 5?
1
Let j be 3 + 0 + 2/1. Suppose 6 = j*m - 9. Calculate the remainder when (-195)/(-260)*156/9 is divided by m.
1
Suppose 5*t - 7*t = -54. Let y be 6/t + 358/9. Suppose 5*c - 10 = 0, 182 = 4*q + c - y. Calculate the remainder when q is divided by 19.
17
Let i = 683 - 667. Calculate the remainder when 108 is divided by i.
12
Suppose 55 = -2*n + 161. Calculate the remainder when 63 is divided by n.
10
Suppose 2*v - 205 = -3*p - 3*v, 2*v - 250 = -4*p. Suppose a - p = 18. Let s = a - 18. Calculate the remainder when s is divided by 16.
12
Calculate the remainder when 28 is divided by (30/(-5) - -9)/1.
1
Let y be -4 + (-88)/(-33)*54/8. Suppose -3*c - y + 101 = 0. What is the remainder when c is divided by 10?
9
Suppose 3*w - 16 = 2*w + 4*v, 2*v + 8 = 0. Suppose -k + 2*h + 3 = w, -8*h = -5*k - 6*h + 31. What is the remainder when 24 is divided by k?
3
Let i = 163 - 145. Calculate the remainder when 78 is divided by i.
6
Let s(t) = -t**3 - 2*t**2. Suppose -4*p + 4*y = 0, -2*y = 4*p + 2*y + 24. Suppose -5*z + 106 = -14. Calculate the remainder when z is divided by s(p).
6
Let r = -511 + 520. Let d be ((-4)/10)/((-2)/(-10)). What is the remainder when d/8 - (-274)/8 is divided by r?
7
Suppose 0 = -455*c + 439*c + 896. Suppose m + 1 = -0. What is the remainder when c is divided by ((-58)/(m - -2))/(-2)?
27
Let l = 209 - 123. Suppose k + 2*k = -u + 8, 4 = -3*k + 5*u. Suppose k*n - 4*n + l = 0. What is the remainder when n is divided by 9?
7
Suppose 9*b - 4*b - 3*g = 818, 4*b + g - 651 = 0. Let o(x) = -17*x - 1. What is the remainder when b is divided by o(-2)?
31
Let r = -48 + 73. Suppose 0 = -8*n + 13*n - 335. Calculate the remainder when n is divided by r.
17
Let c be 6/(-15) - (-51)/15. Suppose -r - 4*h - 367 = -6*r, -5*r + c*h + 364 = 0. What is the remainder when r is divided by 18?
17
What is the remainder when (-1 - 4)*-1 + -3 + 241 is divided by 49?
47
Let k(q) = q**2 + q + 1. Let o(g) = -2*g**2 - 5*g - 2. Let z(t) = 3*k(t) + o(t). What is the remainder when 13 is divided by z(4)?
4
Calculate the remainder when -5 - 0 - (-277 + 34) is divided by 5.
3
Suppose -20*d + 96 = 4*i - 24*d, d = 3*i - 68. Calculate the remainder when i is divided by 4.
2
What is the remainder when -3 - (-10 - -6) - -91 is divided by 19?
16
Let p = -102 + -204. Calculate the remainder when (p/(-27))/(2/9) is divided by 13.
12
Suppose 7*c = 13*c - 204. What is the remainder when c is divided by 14?
6
Let b be (854/6)/((-5)/15). Let i = -132 - b. Suppose 99 - i = -4*q. Calculate the remainder when q is divided by 25.
24
Suppose 2*r - 6 = b + 2*b, -10 = r + 5*b. Suppose r = -2*d + 62 + 108. Suppose -d = -4*g - g. Calculate the remainder when g is divided by 6.
5
Let n(q) = q**3 + 10*q**2 + 9*q + 7. Let f(b) = 4*b + 8. What is the remainder when f(1) is divided by n(-9)?
5
Suppose 0 = -4*l - 62 + 122. Suppose 4*y - 7 - 81 = 0. Calculate the remainder when y is divided by l.
7
Let j be -2 + (-656)/(-6) + (-2)/(-3). Suppose 3*n + 5*a - 155 = 0, 4*a - j = -2*n + 3*a. Calculate the remainder when 104 is divided by n.
49
Suppose 5*q = d - 0*d, 0 = -3*d + 3*q. Suppose d = -2*g - 4*x + 92 + 22, -5*g + x + 307 = 0. Calculate the remainder when 118 is divided by g.
57
Let l(z) = z**3 - 2*z**2 + 4*z - 4. What is the remainder when (6/4)/((-5)/(-50)) is divided by l(2)?
3
Suppose 0 = -2*r + 15*r + 130. What is the remainder when 15 is divided by 5/50*-4*r?
3
Let d = -369 - -417. Calculate the remainder when 75 is divided by d.
27
Suppose 0 = 5*v - u - 4*u - 95, -3*u - 79 = -4*v. Calculate the remainder when v is divided by 13.
9
Suppose h + 1 = 35. Suppose r = 4*x + 92, -3*x + 218 = 4*r - 188. What is the remainder when r is divided by h?
32
Suppose 48*f = 60*f - 1692. What is the remainder when 152 is divided by f?
11
Let r = -35 - -39. Let o be ((-42)/(-12))/(2/r). Suppose -4*d = 0, -4*p + o*p - 15 = 5*d. What is the remainder when p is divided by 2?
1
Let i be (-2)/3 - 2286/(-27). Suppose -3*q + i = 5*m - 8, 0 = -3*q + 12. Suppose 0 = -4*d + 5*d - 10. What is the remainder when m is divided by d?
6
Suppose -3*b = 12 - 30. Let y(f) = 10*f - 30. Calculate the remainder when 118 is divided by y(b).
28
Suppose 5*d - 111 = 34. What is the remainder when (-4)/(-10) + (403/5 - -4) is divided by d?
27
Suppose -4*w + 7 = -65. Let u be ((-10)/(-35))/((-6)/(-21)) - -2. Calculate the remainder when w is divided by u/(-4 - (-46)/10).
3
Suppose 3016 = 44*t + 14*t. Calculate the remainder when 257 is divided by t.
49
Let f(l) = -121*l - 60. What is the remainder when f(-4) is divided by 17?
16
Let g = 1761 - 743. What is the remainder when g is divided by 68?
66
Let h(i) = 3*i**2 + 7*i + 23. What is the remainder when 143 is divided by h(-3)?
27
Suppose -4*l + 2 + 6 = 0, -3*f + 2*l = -32. Calculate the remainder when 19 is divided by f.
7
Let s(l) = -5*l - 3. Calculate the remainder when -2 - (-1 + 2 - 133) is divided by s(-6).
22
Let s(h) = 2*h + 90. Let o be s(30). Suppose 5*w - 5*k - 571 = -236, 2*w = -2*k + o. Calculate the remainder when w is divided by 13.
6
Suppose -3*c = 2*y - 82, 0 = -3*c + 2*c. Suppose 3*k - 59 = -d, 420 = 4*d - 4*k + 104. Suppose 5*p + 4 = d. What is the remainder when y is divided by p?
13
Let g(f) = 2*f + 15. Let h(r) = r**3 - 8*r**2 + 10*r - 3. Calculate the remainder when h(7) is divided by g(-4).
4
Suppose 0 = -7*n + 702 - 79. Calculate the remainder when n is divided by 19.
13
Let l(b) = -2*b - 13. Let s be l(-8). What is the remainder when 2*1/s*3 - -33 is divided by 9?
8
Suppose 22 = -5*u - 2*h, 5*u - 2*h + 25 = 7. Let q be -3*(u/(-12) - 1). Suppose -q*c = 3*c - 175. Calculate the remainder when c is divided by 19.
16
Let x = 22 - 16. Suppose -r - 3*p + 6 = -3*r, -4 = -p. What is the remainder when x is divided by r?
0
Let z = 1 + 4. Let b(r) = -13*r - 49. Let k be b(-4). Suppose -30 = -2*t - 4*s - 2, 86 = k*t - 5*s. Calculate the remainder when t is divided by z.
2
Suppose -5*m - 3*d = -7*d - 115, 0 = 2